y 29?
26
What is the remainder when 289 is divided by 279?
10
What is the remainder when 2997 is divided by 37?
0
What is the remainder when 441 is divided by 56?
49
What is the remainder when 3807 is divided by 936?
63
What is the remainder when 602 is divided by 67?
66
What is the remainder when 1173 is divided by 107?
103
Calculate the remainder when 485 is divided by 141.
62
What is the remainder when 1287 is divided by 80?
7
Calculate the remainder when 5019 is divided by 1669.
12
What is the remainder when 867 is divided by 13?
9
What is the remainder when 496 is divided by 50?
46
What is the remainder when 539 is divided by 36?
35
Calculate the remainder when 2446 is divided by 98.
94
What is the remainder when 539 is divided by 79?
65
What is the remainder when 3934 is divided by 32?
30
What is the remainder when 1603 is divided by 134?
129
What is the remainder when 785 is divided by 6?
5
Calculate the remainder when 46 is divided by 6.
4
Calculate the remainder when 63 is divided by 55.
8
What is the remainder when 1826 is divided by 8?
2
What is the remainder when 91 is divided by 23?
22
Calculate the remainder when 181 is divided by 56.
13
What is the remainder when 682 is divided by 22?
0
What is the remainder when 2761 is divided by 58?
35
Calculate the remainder when 415 is divided by 20.
15
What is the remainder when 5541 is divided by 36?
33
What is the remainder when 154 is divided by 5?
4
What is the remainder when 170 is divided by 37?
22
Calculate the remainder when 1420 is divided by 7.
6
Calculate the remainder when 2389 is divided by 38.
33
Calculate the remainder when 1652 is divided by 184.
180
What is the remainder when 385 is divided by 43?
41
Calculate the remainder when 39 is divided by 20.
19
Calculate the remainder when 556 is divided by 290.
266
What is the remainder when 258 is divided by 54?
42
Calculate the remainder when 592 is divided by 7.
4
What is the remainder when 439 is divided by 74?
69
Calculate the remainder when 12415 is divided by 14.
11
Calculate the remainder when 432 is divided by 74.
62
What is the remainder when 652 is divided by 615?
37
What is the remainder when 15297 is divided by 90?
87
What is the remainder when 2270 is divided by 175?
170
What is the remainder when 10400 is divided by 3463?
11
Calculate the remainder when 24269 is divided by 16.
13
Calculate the remainder when 43 is divided by 6.
1
What is the remainder when 50 is divided by 26?
24
What is the remainder when 247 is divided by 190?
57
Calculate the remainder when 4778 is divided by 239.
237
What is the remainder when 839 is divided by 35?
34
Calculate the remainder when 96 is divided by 58.
38
Calculate the remainder when 311 is divided by 97.
20
What is the remainder when 334 is divided by 116?
102
What is the remainder when 55 is divided by 29?
26
Calculate the remainder when 186 is divided by 96.
90
What is the remainder when 1843 is divided by 107?
24
What is the remainder when 2474 is divided by 493?
9
Calculate the remainder when 549 is divided by 56.
45
Calculate the remainder when 58 is divided by 12.
10
What is the remainder when 82 is divided by 14?
12
What is the remainder when 4313 is divided by 1070?
33
What is the remainder when 1581 is divided by 77?
41
Calculate the remainder when 4029 is divided by 139.
137
Calculate the remainder when 788 is divided by 12.
8
Calculate the remainder when 321 is divided by 56.
41
What is the remainder when 285 is divided by 7?
5
Calculate the remainder when 1429 is divided by 11.
10
Calculate the remainder when 624 is divided by 77.
8
Calculate the remainder when 386 is divided by 24.
2
What is the remainder when 10654 is divided by 24?
22
What is the remainder when 1226 is divided by 112?
106
What is the remainder when 1853 is divided by 116?
113
What is the remainder when 71 is divided by 18?
17
Calculate the remainder when 1057 is divided by 18.
13
What is the remainder when 26711 is divided by 74?
71
Calculate the remainder when 178 is divided by 18.
16
What is the remainder when 886 is divided by 3?
1
Calculate the remainder when 143 is divided by 36.
35
What is the remainder when 1055 is divided by 20?
15
What is the remainder when 194 is divided by 31?
8
What is the remainder when 55 is divided by 21?
13
Calculate the remainder when 489 is divided by 35.
34
What is the remainder when 722 is divided by 23?
9
What is the remainder when 856 is divided by 13?
11
What is the remainder when 1516 is divided by 97?
61
Calculate the remainder when 726 is divided by 104.
102
Calculate the remainder when 127 is divided by 5.
2
What is the remainder when 127 is divided by 17?
8
Calculate the remainder when 380 is divided by 43.
36
What is the remainder when 1467 is divided by 70?
67
What is the remainder when 307 is divided by 103?
101
What is the remainder when 8096 is divided by 108?
104
What is the remainder when 1198 is divided by 40?
38
What is the remainder when 715 is divided by 7?
1
What is the remainder when 1062 is divided by 223?
170
Calculate the remainder when 59 is divided by 8.
3
Calculate the remainder when 36117 is divided by 56.
53
What is the remainder when 282 is divided by 19?
16
What is the remainder when 758 is divided by 202?
152
Calculate the remainder when 1899 is divided by 16.
11
Calculate the remainder when 1399 is divided by 197.
20
Calculate the remainder when 146 is divided by 25.
21
Calculate the remainder when 143 is divided by 29.
27
What is the remainder when 135 is divided by 119?
16
Calculate the remainder when 718 is divided by 45.
43
What is the remainder when 5698 is divided by 26?
4
What is the remainder when 422 is divided by 86?
78
What is the remainder when 354 is divided by 28?
18
What is the remainder when 596 is divided by 46?
44
Calculate the remainder when 304 is divided by 106.
92
Calculate the remainder when 360 is divided by 92.
84
Calculate the remainder when 1400 is divided by 233.
2
Calculate the remainder when 69 is divided by 35.
34
Calculate the remainder when 237 is divided by 16.
13
Calculate the remainder when 773 is divided by 25.
23
Calculate the remainder when 177 is divided by 90.
87
What is the remainder when 362 is divided by 5?
2
Calculate the remainder when 711 is divided by 79.
0
Calculate the remainder when 2898 is divided by 83.
76
What is the remainder when 1596 is divided by 30?
6
Calculate the remainder when 900 is divided by 53.
52
Calculate the remainder when 62 is divided by 23.
16
What is the remainder when 1031 is divided by 23?
19
Calculate the remainder when 574 is divided by 9.
7
Calculate the remainder when 14268 is divided by 71.
68
What is the remainder when 2862 is divided by 16?
14
What is the remainder when 209 is divided by 27?
20
What is the remainder when 703 is divided by 60?
43
What is the remainder when 422 is divided by 46?
8
What is the remainder when 47 is divided by 16?
15
What is the remainder when 350 is divided by 12?
2
What is the remainder when 358 is divided by 143?
72
Calculate the remainder when 1174 is divided by 84.
82
Calculate the remainder when 1034 is divided by 104.
98
Calculate the remainder when 1564 is divided by 503.
55
Calculate the remainder when 4146 is divided by 32.
18
Calculate the remainder when 320 is divided by 167.
153
What is the remainder when 856 is divided by 22?
20
Calculate the remainder when 1026 is divided by 173.
161
What is the remainder when 278 is divided by 6?
2
Calculate the remainder when 166 is divided by 51.
13
What is the remainder when 492 is divided by 29?
28
What is the remainder when 3430 is divided by 52?
50
Calculate the remainder when 70 is divided by 14.
0
What is the remainder when 4107 is divided by 1024?
11
Calculate the remainder when 269 is divided by 52.
9
What is the remainder when 58 is divided by 9?
4
What is the remainder when 146 is divided by 33?
14
Calculate the remainder when 494 is divided by 7.
4
What is the remainder when 123 is divided by 16?
11
What is the remainder when 78 is divided by 54?
24
What is the remainder when 1363 is divided by 4?
3
What is the remainder when 1001 is divided by 126?
119
What is the remainder when 2939 is divided by 70?
69
What is the remainder when 34 is divided by 29?
5